, 743
List the prime factors of 41596.
2, 10399
List the prime factors of 58065.
3, 5, 7, 79
What are the prime factors of 9691?
11, 881
What are the prime factors of 30589?
13, 181
What are the prime factors of 206?
2, 103
What are the prime factors of 15068?
2, 3767
What are the prime factors of 80564?
2, 11, 1831
List the prime factors of 174.
2, 3, 29
List the prime factors of 56862.
2, 3, 13
What are the prime factors of 7889?
7, 23
List the prime factors of 47955.
3, 5, 23, 139
List the prime factors of 14633.
14633
List the prime factors of 2216.
2, 277
What are the prime factors of 14175?
3, 5, 7
List the prime factors of 3133.
13, 241
List the prime factors of 19191.
3, 6397
List the prime factors of 1372.
2, 7
What are the prime factors of 2238?
2, 3, 373
List the prime factors of 2761.
11, 251
List the prime factors of 883.
883
What are the prime factors of 9695?
5, 7, 277
List the prime factors of 9114.
2, 3, 7, 31
List the prime factors of 4538.
2, 2269
List the prime factors of 1716.
2, 3, 11, 13
List the prime factors of 684.
2, 3, 19
What are the prime factors of 16322?
2, 8161
What are the prime factors of 8330?
2, 5, 7, 17
What are the prime factors of 1259?
1259
What are the prime factors of 102036?
2, 3, 11, 773
List the prime factors of 8672.
2, 271
What are the prime factors of 16600?
2, 5, 83
List the prime factors of 11940.
2, 3, 5, 199
List the prime factors of 2631.
3, 877
What are the prime factors of 2587?
13, 199
List the prime factors of 3390.
2, 3, 5, 113
What are the prime factors of 1710?
2, 3, 5, 19
List the prime factors of 7954.
2, 41, 97
List the prime factors of 4888.
2, 13, 47
What are the prime factors of 435?
3, 5, 29
List the prime factors of 13475.
5, 7, 11
List the prime factors of 12531.
3, 4177
List the prime factors of 9270.
2, 3, 5, 103
List the prime factors of 6.
2, 3
List the prime factors of 115468.
2, 28867
List the prime factors of 71217.
3, 41, 193
List the prime factors of 474.
2, 3, 79
List the prime factors of 1419.
3, 11, 43
What are the prime factors of 55696?
2, 59
What are the prime factors of 510?
2, 3, 5, 17
List the prime factors of 13951.
7, 1993
What are the prime factors of 4633?
41, 113
What are the prime factors of 8419?
8419
What are the prime factors of 82?
2, 41
What are the prime factors of 677?
677
What are the prime factors of 468?
2, 3, 13
List the prime factors of 971.
971
What are the prime factors of 5044?
2, 13, 97
What are the prime factors of 3134?
2, 1567
List the prime factors of 1553.
1553
List the prime factors of 684.
2, 3, 19
What are the prime factors of 104064?
2, 3, 271
List the prime factors of 25629.
3, 8543
What are the prime factors of 1142?
2, 571
List the prime factors of 52080.
2, 3, 5, 7, 31
What are the prime factors of 10476?
2, 3, 97
What are the prime factors of 83082?
2, 3, 61, 227
What are the prime factors of 21368?
2, 2671
What are the prime factors of 59524?
2, 23, 647
List the prime factors of 515.
5, 103
List the prime factors of 2305.
5, 461
What are the prime factors of 10628?
2, 2657
What are the prime factors of 23081?
23081
What are the prime factors of 14905?
5, 11, 271
What are the prime factors of 1501?
19, 79
List the prime factors of 44169.
3, 14723
What are the prime factors of 30643?
30643
List the prime factors of 34342.
2, 7, 11, 223
What are the prime factors of 6759?
3, 751
What are the prime factors of 4337?
4337
List the prime factors of 55.
5, 11
List the prime factors of 1198.
2, 599
List the prime factors of 3840.
2, 3, 5
What are the prime factors of 1733?
1733
What are the prime factors of 8225?
5, 7, 47
What are the prime factors of 3544?
2, 443
List the prime factors of 1124.
2, 281
List the prime factors of 54075.
3, 5, 7, 103
List the prime factors of 103998.
2, 3, 17333
List the prime factors of 13348.
2, 47, 71
What are the prime factors of 107373?
3, 7, 5113
List the prime factors of 43130.
2, 5, 19, 227
List the prime factors of 7582.
2, 17, 223
What are the prime factors of 13441?
13441
List the prime factors of 958.
2, 479
What are the prime factors of 3658?
2, 31, 59
What are the prime factors of 16?
2
List the prime factors of 35656.
2, 4457
List the prime factors of 29716.
2, 17, 19, 23
What are the prime factors of 1186?
2, 593
What are the prime factors of 21360?
2, 3, 5, 89
What are the prime factors of 62464?
2, 61
List the prime factors of 4652.
2, 1163
List the prime factors of 323.
17, 19
List the prime factors of 4789.
4789
What are the prime factors of 661?
661
List the prime factors of 789.
3, 263
What are the prime factors of 11413?
101, 113
List the prime factors of 5520.
2, 3, 5, 23
What are the prime factors of 13766?
2, 6883
List the prime factors of 449.
449
List the prime factors of 9920.
2, 5, 31
What are the prime factors of 89732?
2, 22433
What are the prime factors of 3125?
5
What are the prime factors of 4212?
2, 3, 13
What are the prime factors of 1577?
19, 83
List the prime factors of 55918.
2, 73, 383
What are the prime factors of 11410?
2, 5, 7, 163
List the prime factors of 4934.
2, 2467
List the prime factors of 3555.
3, 5, 79
What are the prime factors of 5392?
2, 337
List the prime factors of 29915.
5, 31, 193
List the prime factors of 1038.
2, 3, 173
List the prime factors of 7377.
3, 2459
What are the prime factors of 46134?
2, 3, 11, 233
What are the prime factors of 28905?
3, 5, 41, 47
List the prime factors of 3519.
3, 17, 23
List the prime factors of 19799.
13, 1523
What are the prime factors of 49329?
3, 7, 29
List the prime factors of 84.
2, 3, 7
What are the prime factors of 2642?
2, 1321
List the prime factors of 1444.
2, 19
What are the prime factors of 10225?
5, 409
What are the prime factors of 181?
181
List the prime factors of 139348.
2, 11, 3167
What are the prime factors of 11029?
41, 269
List the prime factors of 2849.
7, 11, 37
List the prime factors of 312.
2, 3, 13
What are the prime factors of 343?
7
What are the prime factors of 12839?
37, 347
List the prime factors of 22724.
2, 13, 19, 23
List the prime factors of 2220.
2, 3, 5, 37
What are the prime factors of 73100?
2, 5, 17, 43
What are the prime factors of 3473?
23, 151
List the prime factors of 20731.
20731
What are the prime factors of 4703?
4703
List the prime factors of 762.
2, 3, 127
List the prime factors of 695.
5, 139
What are the prime factors of 3385?
5, 677
List the prime factors of 1560.
2, 3, 5, 13
What are the prime factors of 1331?
11
What are the prime factors of 3147?
3, 1049
What are the prime factors of 35861?
7, 47, 109
List the prime factors of 11584.
2, 181
What are the prime factors of 2990?
2, 5, 13, 23
List the prime factors of 3644.
2, 911
What are the prime factors of 6327?
3, 19, 37
List the prime factors of 933.
3, 311
List the prime factors of 39159.
3, 19, 229
What are the prime factors of 12806?
2, 19, 337
What are the prime factors of 3126?
2, 3, 521
What are the prime factors of 21071?
19, 1109
What are the prime factors of 15727?
15727
List the prime factors of 42979.
42979
What are the prime factors of 18244?
2, 4561
List the prime factors of 2290.
2, 5, 229
What are the prime factors of 114909?
3, 38303
What are the prime factors of 23553?
3, 2617
List the prime factors of 12532.
2, 13, 241
What are the prime factors of 3462?
2, 3, 577
What are the prime factors of 1039?
1039
List the prime factors of 716.
2, 179
What are the prime factors of 53453?
53453
List the prime factors of 16304.
2, 1019
What are the prime factors of 3552?
2, 3, 37
What are the prime factors of 1580?
2, 5, 79
What are the prime factors of 1764?
2, 3, 7
What are the prime factors of 3999?
3, 31, 43
What are the prime factors of 27022?
2, 59, 229
List the prime factors of 132309.
3, 61, 241
What are the prime factors of 12952?
2, 1619
List the prime factors of 514.
2, 257
What are the prime factors of 28472?
2, 3559
What are the prime factors of 8704?
2, 17
List the prime factors of 4473.
3, 7, 71
List the prime factors of 92227.
92227
List the prime factors of 1008.
2, 3, 7
What are the prime factors of 32785?
5, 79, 83
List the prime factors of 26163.
3, 17, 19
List the prime factors of 366.
2, 3, 61
What are the prime factors of 1820?
2, 5, 7, 13
List the prime factors of 165